{"id":243717,"date":"2021-10-13T14:30:57","date_gmt":"2021-10-13T14:30:57","guid":{"rendered":"https:\/\/aguijon.xblu.com\/volver-a-casa\/sobre-nosotros\/conjunto\/oswaldo-calderon\/"},"modified":"2024-09-17T15:18:01","modified_gmt":"2024-09-17T15:18:01","slug":"oswaldo-calderon","status":"publish","type":"page","link":"https:\/\/aguijontheater.org\/es\/volver-a-casa\/sobre-nosotros\/conjunto\/oswaldo-calderon\/","title":{"rendered":"Oswaldo Calder\u00f3n"},"content":{"rendered":"<p>[et_pb_section fb_built=\u00bb1&#8243; admin_label=\u00bbHeader\u00bb _builder_version=\u00bb4.27.0&#8243; background_color=\u00bb#000000&#8243; background_enable_image=\u00bboff\u00bb top_divider_style=\u00bbwave\u00bb top_divider_color=\u00bb#DE0100&#8243; top_divider_height=\u00bb87px\u00bb top_divider_flip=\u00bbvertical\u00bb locked=\u00bboff\u00bb global_colors_info=\u00bb{}\u00bb][et_pb_row disabled_on=\u00bboff|off|off\u00bb _builder_version=\u00bb4.27.0&#8243; custom_padding=\u00bb||8px|||\u00bb global_colors_info=\u00bb{}\u00bb][et_pb_column type=\u00bb4_4&#8243; _builder_version=\u00bb4.16&#8243; global_colors_info=\u00bb{}\u00bb][et_pb_text _builder_version=\u00bb4.27.0&#8243; text_text_color=\u00bbrgba(255,255,255,0.5)\u00bb text_font_size=\u00bb16px\u00bb text_line_height=\u00bb1.8em\u00bb header_font=\u00bbMontserrat|600||on|||||\u00bb header_font_size=\u00bb4vw\u00bb header_line_height=\u00bb1.2em\u00bb header_3_font=\u00bbMontserrat|700||on|||||\u00bb header_3_text_color=\u00bb#DE0100&#8243; header_3_font_size=\u00bb16px\u00bb header_3_letter_spacing=\u00bb2px\u00bb header_3_line_height=\u00bb1.4em\u00bb background_layout=\u00bbdark\u00bb hover_enabled=\u00bb0&#8243; header_3_font_size_tablet=\u00bb14px\u00bb header_3_font_size_phone=\u00bb\u00bb header_3_font_size_last_edited=\u00bbon|phone\u00bb text_text_align=\u00bbleft\u00bb locked=\u00bboff\u00bb global_colors_info=\u00bb{}\u00bb sticky_enabled=\u00bb0&#8243;]<\/p>\n<h1><span style=\"color: #ffffff;\">Oswaldo Calder\u00f3n<\/span>\u00a0<\/h1>\n<p>[\/et_pb_text][\/et_pb_column][\/et_pb_row][et_pb_row disabled_on=\u00bboff|off|off\u00bb _builder_version=\u00bb4.27.0&#8243; _module_preset=\u00bbdefault\u00bb custom_padding=\u00bb19px|||||\u00bb global_colors_info=\u00bb{}\u00bb][et_pb_column type=\u00bb4_4&#8243; _builder_version=\u00bb4.16&#8243; _module_preset=\u00bbdefault\u00bb global_colors_info=\u00bb{}\u00bb][et_pb_team_member image_url=\u00bbhttps:\/\/aguijontheater.org\/wp-content\/uploads\/2024\/07\/Calderoi\u0300n-Aguijoi\u0300n_web.jpg\u00bb _builder_version=\u00bb4.27.0&#8243; _module_preset=\u00bbdefault\u00bb header_font=\u00bb|800|||||||\u00bb body_text_align=\u00bbleft\u00bb body_text_color=\u00bb#000000&#8243; body_font_size=\u00bb18px\u00bb background_color=\u00bb#DE0100&#8243; background_enable_image=\u00bboff\u00bb background_blend=\u00bbluminosity\u00bb custom_padding=\u00bb20px|20px|20px|20px|true|true\u00bb hover_enabled=\u00bb0&#8243; border_radii=\u00bbon|20px|20px|20px|20px\u00bb border_radii_image=\u00bbon|20px|20px|20px|20px\u00bb global_colors_info=\u00bb{}\u00bb sticky_enabled=\u00bb0&#8243; title_text=\u00bbCalderoi\u0300n Aguijoi\u0300n_web\u00bb]<\/p>\n<p style=\"text-align: left;\"><strong>Oswaldo Calder\u00f3n<\/strong> naci\u00f3 en Chicago IL., y estudi\u00f3 Filosof\u00eda en las Universidades de Loyola y Northwestern. Como actor se form\u00f3 en The Chicago Actor&#8217;s Studio y Chicago Actor&#8217;s Center, y contin\u00faa desarrollando su experiencia actoral en el laboratorio y taller permanente de Aguij\u00f3n Theater Company.<\/p>\n<p style=\"text-align: left;\">Sus cr\u00e9ditos incluyen <strong>Ferdinand the Bull<\/strong> para Goodman Theatre, dirigido por Marcela Mu\u00f1oz; <strong>California Suite<\/strong> y <strong>Detective Story <\/strong>entre otras producciones.<\/p>\n<p style=\"text-align: left;\"><span>Desde el a\u00f1o 2000, forma parte del elenco de planta de Aguij\u00f3n Theater<\/span>; sus cr\u00e9ditos con la compa\u00f1\u00eda incluyen: <strong>Los ni\u00f1os prohibidos<\/strong>\u00a0de Jes\u00fas Gonz\u00e1lez D\u00e1vila, <strong>Johnny Tenorio<\/strong>\u00a0de Carlos Morton, <strong>C\u00e1lices Vac\u00edos<\/strong>\u00a0de Judy Veramendi, <strong>Perversiones<\/strong> de Jos\u00e9 Castro Urioste y Eduardo Cabrera, <strong>Bodas de sangre<\/strong>\u00a0de Federico Garc\u00eda Lorca, <strong>Hasta los gorriones dejan su nido<\/strong>\u00a0de Ra\u00fal Dorantes, <strong>Er\u00e9ndira<\/strong>\u00a0de Gabriel Garc\u00eda M\u00e1rquez (adaptaci\u00f3n Juan Ram\u00edrez), <strong>Ant\u00edgona<\/strong>\u00a0de S\u00f3focles, <strong>Epopeya<\/strong>\u00a0de Abel Gonz\u00e1lez Melo, <strong>Animales nocturnos <\/strong>de Juan Mayorga, <strong>Kiev<\/strong>\u00a0de Sergio Blanco, <strong>La Pinche India<\/strong> de Norge Espinosa, entre otras.<\/p>\n<div dir=\"auto\"><span>En 2009, Aguij\u00f3n Theater comision\u00f3 a Oswaldo para escribir la obra <strong>\u00abLas Soldaderas\u00bb<\/strong>, inspirada en el ensayo period\u00edstico hom\u00f3nimo de la escritora mexicana Elena Poniatowska. La obra se estren\u00f3 en el <strong>V Festival de Teatro Latino del Goodman Theatre<\/strong> ese mismo a\u00f1o. Posteriormente, tras seis semanas en cartelera como parte de la temporada 2010-2011 de Aguij\u00f3n Theater, la producci\u00f3n fue presentada en el <strong>XXII<\/strong> <strong>Festival Internacional Mujeres en Escena por la Paz <\/strong>en Bogot\u00e1, Colombia, en 2010<strong>.<\/strong><\/span><\/div>\n<p style=\"text-align: left;\"><span><\/span><\/p>\n<p style=\"text-align: left;\"><span>Actualmente Oswaldo es el Gerente de la compa\u00f1\u00eda Aguij\u00f3n Theater.<\/span><\/p>\n<p>[\/et_pb_team_member][et_pb_button button_url=\u00bb@ET-DC@eyJkeW5hbWljIjp0cnVlLCJjb250ZW50IjoicG9zdF9saW5rX3VybF9wYWdlIiwic2V0dGluZ3MiOnsicG9zdF9pZCI6IjI2MSJ9fQ==@\u00bb button_text=\u00bbVolver a elenco\u00bb button_alignment=\u00bbleft\u00bb _builder_version=\u00bb4.27.0&#8243; _dynamic_attributes=\u00bbbutton_url\u00bb _module_preset=\u00bb3d27804a-489e-4691-9eca-095a6fb0f1fb\u00bb button_bg_color=\u00bb#DE0100&#8243; custom_padding=\u00bb15px|25px|15px|38px|true|false\u00bb locked=\u00bboff\u00bb global_colors_info=\u00bb{}\u00bb button_bg_color__hover=\u00bb#000000&#8243; button_bg_enable_color__hover=\u00bbon\u00bb button_text_color__hover=\u00bb#FFFFFF\u00bb][\/et_pb_button][\/et_pb_column][\/et_pb_row][\/et_pb_section]<\/p>\n","protected":false},"excerpt":{"rendered":"<p>Oswaldo Calder\u00f3n\u00a0Oswaldo Calder\u00f3n naci\u00f3 en Chicago IL., y estudi\u00f3 Filosof\u00eda en las Universidades de Loyola y Northwestern. Como actor se form\u00f3 en The Chicago Actor&#8217;s Studio y Chicago Actor&#8217;s Center, y contin\u00faa desarrollando su experiencia actoral en el laboratorio y taller permanente de Aguij\u00f3n Theater Company. Sus cr\u00e9ditos incluyen Ferdinand the Bull para Goodman Theatre, [&hellip;]<\/p>\n","protected":false},"author":1,"featured_media":0,"parent":241602,"menu_order":0,"comment_status":"closed","ping_status":"closed","template":"","meta":{"_et_pb_use_builder":"on","_et_pb_old_content":"","_et_gb_content_width":"","footnotes":""},"dipi_cpt_category":[],"class_list":["post-243717","page","type-page","status-publish","hentry"],"_links":{"self":[{"href":"https:\/\/aguijontheater.org\/es\/wp-json\/wp\/v2\/pages\/243717"}],"collection":[{"href":"https:\/\/aguijontheater.org\/es\/wp-json\/wp\/v2\/pages"}],"about":[{"href":"https:\/\/aguijontheater.org\/es\/wp-json\/wp\/v2\/types\/page"}],"author":[{"embeddable":true,"href":"https:\/\/aguijontheater.org\/es\/wp-json\/wp\/v2\/users\/1"}],"replies":[{"embeddable":true,"href":"https:\/\/aguijontheater.org\/es\/wp-json\/wp\/v2\/comments?post=243717"}],"version-history":[{"count":13,"href":"https:\/\/aguijontheater.org\/es\/wp-json\/wp\/v2\/pages\/243717\/revisions"}],"predecessor-version":[{"id":249586,"href":"https:\/\/aguijontheater.org\/es\/wp-json\/wp\/v2\/pages\/243717\/revisions\/249586"}],"up":[{"embeddable":true,"href":"https:\/\/aguijontheater.org\/es\/wp-json\/wp\/v2\/pages\/241602"}],"wp:attachment":[{"href":"https:\/\/aguijontheater.org\/es\/wp-json\/wp\/v2\/media?parent=243717"}],"wp:term":[{"taxonomy":"dipi_cpt_category","embeddable":true,"href":"https:\/\/aguijontheater.org\/es\/wp-json\/wp\/v2\/dipi_cpt_category?post=243717"}],"curies":[{"name":"wp","href":"https:\/\/api.w.org\/{rel}","templated":true}]}}

Oswaldo Calderón

<p>[et_pb_section fb_built=»1&#8243; admin_label=»Header» _builder_version=»4.27.0&#8243; background_color=»#000000&#8243; background_enable_image=»off» top_divider_style=»wave» top_divider_color=»#DE0100&#8243; top_divider_height=»87px» top_divider_flip=»vertical» locked=»off» global_colors_info=»{}»][et_pb_row disabled_on=»off|off|off» _builder_version=»4.27.0&#8243; custom_padding=»||8px|||» global_colors_info=»{}»][et_pb_column type=»4_4&#8243; _builder_version=»4.16&#8243; global_colors_info=»{}»][et_pb_text _builder_version=»4.27.0&#8243; text_text_color=»rgba(255,255,255,0.5)» text_font_size=»16px» text_line_height=»1.8em» header_font=»Montserrat|600||on|||||» header_font_size=»4vw» header_line_height=»1.2em» header_3_font=»Montserrat|700||on|||||» header_3_text_color=»#DE0100&#8243; header_3_font_size=»16px» header_3_letter_spacing=»2px» header_3_line_height=»1.4em» background_layout=»dark» hover_enabled=»0&#8243; header_3_font_size_tablet=»14px» header_3_font_size_phone=»» header_3_font_size_last_edited=»on|phone» text_text_align=»left» locked=»off» global_colors_info=»{}» sticky_enabled=»0&#8243;]</p>
<h1><span style="color: #ffffff;">Oswaldo Calderón</span> </h1>
<p>[/et_pb_text][/et_pb_column][/et_pb_row][et_pb_row disabled_on=»off|off|off» _builder_version=»4.27.0&#8243; _module_preset=»default» custom_padding=»19px|||||» global_colors_info=»{}»][et_pb_column type=»4_4&#8243; _builder_version=»4.16&#8243; _module_preset=»default» global_colors_info=»{}»][et_pb_team_member image_url=»https://aguijontheater.org/wp-content/uploads/2024/07/Calderoìn-Aguijoìn_web.jpg» _builder_version=»4.27.0&#8243; _module_preset=»default» header_font=»|800|||||||» body_text_align=»left» body_text_color=»#000000&#8243; body_font_size=»18px» background_color=»#DE0100&#8243; background_enable_image=»off» background_blend=»luminosity» custom_padding=»20px|20px|20px|20px|true|true» hover_enabled=»0&#8243; border_radii=»on|20px|20px|20px|20px» border_radii_image=»on|20px|20px|20px|20px» global_colors_info=»{}» sticky_enabled=»0&#8243; title_text=»Calderoìn Aguijoìn_web»]</p>
<p style="text-align: left;"><strong>Oswaldo Calderón</strong> nació en Chicago IL., y estudió Filosofía en las Universidades de Loyola y Northwestern. Como actor se formó en The Chicago Actor&#8217;s Studio y Chicago Actor&#8217;s Center, y continúa desarrollando su experiencia actoral en el laboratorio y taller permanente de Aguijón Theater Company.</p>
<p style="text-align: left;">Sus créditos incluyen <strong>Ferdinand the Bull</strong> para Goodman Theatre, dirigido por Marcela Muñoz; <strong>California Suite</strong> y <strong>Detective Story </strong>entre otras producciones.</p>
<p style="text-align: left;"><span>Desde el año 2000, forma parte del elenco de planta de Aguijón Theater</span>; sus créditos con la compañía incluyen: <strong>Los niños prohibidos</strong> de Jesús González Dávila, <strong>Johnny Tenorio</strong> de Carlos Morton, <strong>Cálices Vacíos</strong> de Judy Veramendi, <strong>Perversiones</strong> de José Castro Urioste y Eduardo Cabrera, <strong>Bodas de sangre</strong> de Federico García Lorca, <strong>Hasta los gorriones dejan su nido</strong> de Raúl Dorantes, <strong>Eréndira</strong> de Gabriel García Márquez (adaptación Juan Ramírez), <strong>Antígona</strong> de Sófocles, <strong>Epopeya</strong> de Abel González Melo, <strong>Animales nocturnos </strong>de Juan Mayorga, <strong>Kiev</strong> de Sergio Blanco, <strong>La Pinche India</strong> de Norge Espinosa, entre otras.</p>
<div dir="auto"><span>En 2009, Aguijón Theater comisionó a Oswaldo para escribir la obra <strong>«Las Soldaderas»</strong>, inspirada en el ensayo periodístico homónimo de la escritora mexicana Elena Poniatowska. La obra se estrenó en el <strong>V Festival de Teatro Latino del Goodman Theatre</strong> ese mismo año. Posteriormente, tras seis semanas en cartelera como parte de la temporada 2010-2011 de Aguijón Theater, la producción fue presentada en el <strong>XXII</strong> <strong>Festival Internacional Mujeres en Escena por la Paz </strong>en Bogotá, Colombia, en 2010<strong>.</strong></span></div>
<p style="text-align: left;"><span></span></p>
<p style="text-align: left;"><span>Actualmente Oswaldo es el Gerente de la compañía Aguijón Theater.</span></p>
<p>[/et_pb_team_member][et_pb_button button_url=»@ET-DC@eyJkeW5hbWljIjp0cnVlLCJjb250ZW50IjoicG9zdF9saW5rX3VybF9wYWdlIiwic2V0dGluZ3MiOnsicG9zdF9pZCI6IjI2MSJ9fQ==@» button_text=»Volver a elenco» button_alignment=»left» _builder_version=»4.27.0&#8243; _dynamic_attributes=»button_url» _module_preset=»3d27804a-489e-4691-9eca-095a6fb0f1fb» button_bg_color=»#DE0100&#8243; custom_padding=»15px|25px|15px|38px|true|false» locked=»off» global_colors_info=»{}» button_bg_color__hover=»#000000&#8243; button_bg_enable_color__hover=»on» button_text_color__hover=»#FFFFFF»][/et_pb_button][/et_pb_column][/et_pb_row][/et_pb_section]</p>

<p>Oswaldo Calderón Oswaldo Calderón nació en Chicago IL., y estudió Filosofía en las Universidades de Loyola y Northwestern. Como actor se formó en The Chicago Actor&#8217;s Studio y Chicago Actor&#8217;s Center, y continúa desarrollando su experiencia actoral en el laboratorio y taller permanente de Aguijón Theater Company. Sus créditos incluyen Ferdinand the Bull para Goodman Theatre, [&hellip;]</p>
